{"id":556,"date":"2019-04-21T06:38:28","date_gmt":"2019-04-21T06:38:28","guid":{"rendered":"http:\/\/demo.sparklewpthemes.com\/constructionlight\/?page_id=556"},"modified":"2025-08-28T12:02:24","modified_gmt":"2025-08-28T12:02:24","slug":"our-services","status":"publish","type":"page","link":"https:\/\/www.karmazyapitasarim.com\/index.php\/our-services\/","title":{"rendered":"Hizmetlerimiz"},"content":{"rendered":"<div id=\"pl-gb556-69f4e4061234f\"  class=\"panel-layout\" ><div id=\"pg-gb556-69f4e4061234f-0\"  class=\"panel-grid panel-no-style\" ><div id=\"pgc-gb556-69f4e4061234f-0-0\"  class=\"panel-grid-cell\" ><div id=\"panel-gb556-69f4e4061234f-0-0-0\" class=\"so-panel widget widget_construction_light_service panel-first-child panel-last-child\" data-index=\"0\" >            \r\n                <section class=\"cons_light_feature layout_one\">\r\n                    <div class=\"container\">\r\n\r\n                                    <div class=\"row\">\n\n                <div class=\"col-lg-12 col-sm-12 col-xs-12\">\n\n                    \n                        <h2 class=\"section-title\">H\u0130ZMETLER\u0130M\u0130Z<\/h2>\n\n                    \n                            <div class=\"section-tagline\">Ba\u015fl\u0131ca Hizmetlerimizi Sizinle Payla\u015f\u0131yoruz.<\/div>\n\n                    \n                <\/div>\n\n            <\/div>\n        \r\n                        <div class=\"row\">\r\n                                                            <div class=\"col-lg-4 col-md-4 col-sm-6 col-xs-12 feature-list\">\r\n                                    <div class=\"box\">\r\n                                        <figure>\r\n                                            <a href=\"https:\/\/www.karmazyapitasarim.com\/index.php\/house-construction\/\"><img fetchpriority=\"high\" decoding=\"async\" width=\"350\" height=\"280\" src=\"https:\/\/www.karmazyapitasarim.com\/wp-content\/uploads\/2025\/08\/AVM-duzenlemeleri-350x280.jpeg\" class=\"attachment-construction-light-medium size-construction-light-medium wp-post-image\" alt=\"\" \/><\/a>\r\n                                        <\/figure>\r\n\r\n                                        <div class=\"bottom-content\">\r\n                                            <h3><a href=\"https:\/\/www.karmazyapitasarim.com\/index.php\/house-construction\/\">AVM D\u00fczenlemeleri<\/a><\/h3>\r\n                                            <p>Al\u0131\u015fveri\u015f Deneyimini Ba\u015ftan Yarat\u0131yoruz Al\u0131\u015fveri\u015f merkezleri sadece ma\u011faza topluluklar\u0131 de\u011fil; ziyaret\u00e7ilerin zaman ge\u00e7irdi\u011fi, dinlendi\u011fi ve deneyim ya\u015fad\u0131\u011f\u0131 sosyal alanlard\u0131r. Bu nedenle AVM d\u00fczenlemeleri, fonksiyonel oldu\u011fu&hellip;<\/p>\n                                                <a href=\"https:\/\/www.karmazyapitasarim.com\/index.php\/house-construction\/\" class=\"btn btn-primary\">Devam\u0131n\u0131 Oku<i class=\"fas fa-arrow-right\"><\/i><\/a>\r\n                                                                                    <\/div>\r\n                                    <\/div>\r\n                                <\/div>\r\n                                                            <div class=\"col-lg-4 col-md-4 col-sm-6 col-xs-12 feature-list\">\r\n                                    <div class=\"box\">\r\n                                        <figure>\r\n                                            <a href=\"https:\/\/www.karmazyapitasarim.com\/index.php\/daire_tasarim_ve_yenileme\/\"><img decoding=\"async\" width=\"350\" height=\"280\" src=\"https:\/\/www.karmazyapitasarim.com\/wp-content\/uploads\/2025\/08\/Daire-Tasarim-350x280.jpg\" class=\"attachment-construction-light-medium size-construction-light-medium wp-post-image\" alt=\"\" \/><\/a>\r\n                                        <\/figure>\r\n\r\n                                        <div class=\"bottom-content\">\r\n                                            <h3><a href=\"https:\/\/www.karmazyapitasarim.com\/index.php\/daire_tasarim_ve_yenileme\/\">Daire Tasar\u0131m ve Yenileme Projeleri (Anahtar Teslim)<\/a><\/h3>\r\n                                            <p>Uzman Kadromuz E\u015fli\u011finde Modern ya\u015fam\u0131n ihtiya\u00e7lar\u0131na uygun, estetik ve fonksiyonel ya\u015fam alanlar\u0131 olu\u015fturmak i\u00e7in daire tasar\u0131m ve yenileme projeleri b\u00fcy\u00fck \u00f6nem ta\u015f\u0131r. Firmam\u0131z, y\u0131llar\u0131n getirdi\u011fi&hellip;<\/p>\n                                                <a href=\"https:\/\/www.karmazyapitasarim.com\/index.php\/daire_tasarim_ve_yenileme\/\" class=\"btn btn-primary\">Devam\u0131n\u0131 Oku<i class=\"fas fa-arrow-right\"><\/i><\/a>\r\n                                                                                    <\/div>\r\n                                    <\/div>\r\n                                <\/div>\r\n                                                            <div class=\"col-lg-4 col-md-4 col-sm-6 col-xs-12 feature-list\">\r\n                                    <div class=\"box\">\r\n                                        <figure>\r\n                                            <a href=\"https:\/\/www.karmazyapitasarim.com\/index.php\/villa-tasarim-ve-yenileme\/\"><img decoding=\"async\" width=\"350\" height=\"280\" src=\"https:\/\/www.karmazyapitasarim.com\/wp-content\/uploads\/2025\/08\/villa-tasarim-350x280.jpg\" class=\"attachment-construction-light-medium size-construction-light-medium wp-post-image\" alt=\"\" \/><\/a>\r\n                                        <\/figure>\r\n\r\n                                        <div class=\"bottom-content\">\r\n                                            <h3><a href=\"https:\/\/www.karmazyapitasarim.com\/index.php\/villa-tasarim-ve-yenileme\/\">Villa Tasar\u0131m ve Yenileme Projeleri (Anahtar Teslim)<\/a><\/h3>\r\n                                            <p>Villan\u0131za De\u011fer Kat\u0131yoruz \u2013 \u015e\u0131kl\u0131k, Konfor ve Uyum Bir Arada. Villalar, geni\u015f alanlar\u0131 ve \u00f6zel ya\u015fam alanlar\u0131yla ki\u015fisel zevklerin en iyi yans\u0131t\u0131ld\u0131\u011f\u0131 yap\u0131lard\u0131r. Bu nedenle&hellip;<\/p>\n                                                <a href=\"https:\/\/www.karmazyapitasarim.com\/index.php\/villa-tasarim-ve-yenileme\/\" class=\"btn btn-primary\">Devam\u0131n\u0131 Oku<i class=\"fas fa-arrow-right\"><\/i><\/a>\r\n                                                                                    <\/div>\r\n                                    <\/div>\r\n                                <\/div>\r\n                                                            <div class=\"col-lg-4 col-md-4 col-sm-6 col-xs-12 feature-list\">\r\n                                    <div class=\"box\">\r\n                                        <figure>\r\n                                            <a href=\"https:\/\/www.karmazyapitasarim.com\/index.php\/electrical-wiring\/\"><img loading=\"lazy\" decoding=\"async\" width=\"350\" height=\"280\" src=\"https:\/\/www.karmazyapitasarim.com\/wp-content\/uploads\/2025\/08\/elektrik-tesisati-350x280.jpeg\" class=\"attachment-construction-light-medium size-construction-light-medium wp-post-image\" alt=\"\" \/><\/a>\r\n                                        <\/figure>\r\n\r\n                                        <div class=\"bottom-content\">\r\n                                            <h3><a href=\"https:\/\/www.karmazyapitasarim.com\/index.php\/electrical-wiring\/\">Elektriksel Tesisat ve D\u00fczenleme \u0130\u015fleri<\/a><\/h3>\r\n                                            <p>G\u00fcvenli Enerji, Sorunsuz Ya\u015fam \u2013 Profesyonel Elektrik \u00c7\u00f6z\u00fcmleri. G\u00fcvenli, dayan\u0131kl\u0131 ve profesyonelce uygulanm\u0131\u015f bir elektrik tesisat\u0131, hem konforun hem de ya\u015fam g\u00fcvenli\u011finin temelidir. Elektriksel altyap\u0131&hellip;<\/p>\n                                                <a href=\"https:\/\/www.karmazyapitasarim.com\/index.php\/electrical-wiring\/\" class=\"btn btn-primary\">Devam\u0131n\u0131 Oku<i class=\"fas fa-arrow-right\"><\/i><\/a>\r\n                                                                                    <\/div>\r\n                                    <\/div>\r\n                                <\/div>\r\n                                                            <div class=\"col-lg-4 col-md-4 col-sm-6 col-xs-12 feature-list\">\r\n                                    <div class=\"box\">\r\n                                        <figure>\r\n                                            <a href=\"https:\/\/www.karmazyapitasarim.com\/index.php\/ofis-tasarim-ve-yenileme\/\"><img loading=\"lazy\" decoding=\"async\" width=\"350\" height=\"280\" src=\"https:\/\/www.karmazyapitasarim.com\/wp-content\/uploads\/2025\/08\/HT-SAAE-1-350x280.jpeg\" class=\"attachment-construction-light-medium size-construction-light-medium wp-post-image\" alt=\"\" \/><\/a>\r\n                                        <\/figure>\r\n\r\n                                        <div class=\"bottom-content\">\r\n                                            <h3><a href=\"https:\/\/www.karmazyapitasarim.com\/index.php\/ofis-tasarim-ve-yenileme\/\">Ofis Tasar\u0131m ve Yenileme Projeleri (Anahtar Teslim)<\/a><\/h3>\r\n                                            <p>Verimlili\u011fi Y\u00fckselten Ofisler \u2013 Modern ve \u0130\u015flevsel \u00c7\u00f6z\u00fcmler. Modern i\u015f d\u00fcnyas\u0131nda ofisler sadece \u00e7al\u0131\u015f\u0131lan yerler de\u011fil, ayn\u0131 zamanda markan\u0131n kimli\u011fini ve kurumsal duru\u015funu yans\u0131tan ya\u015fam&hellip;<\/p>\n                                                <a href=\"https:\/\/www.karmazyapitasarim.com\/index.php\/ofis-tasarim-ve-yenileme\/\" class=\"btn btn-primary\">Devam\u0131n\u0131 Oku<i class=\"fas fa-arrow-right\"><\/i><\/a>\r\n                                                                                    <\/div>\r\n                                    <\/div>\r\n                                <\/div>\r\n                                                            <div class=\"col-lg-4 col-md-4 col-sm-6 col-xs-12 feature-list\">\r\n                                    <div class=\"box\">\r\n                                        <figure>\r\n                                            <a href=\"https:\/\/www.karmazyapitasarim.com\/index.php\/architectural-design\/\"><img loading=\"lazy\" decoding=\"async\" width=\"350\" height=\"280\" src=\"https:\/\/www.karmazyapitasarim.com\/wp-content\/uploads\/2025\/08\/restaurant-cafe-350x280.jpg\" class=\"attachment-construction-light-medium size-construction-light-medium wp-post-image\" alt=\"\" \/><\/a>\r\n                                        <\/figure>\r\n\r\n                                        <div class=\"bottom-content\">\r\n                                            <h3><a href=\"https:\/\/www.karmazyapitasarim.com\/index.php\/architectural-design\/\">Restoran &amp; Cafe Tasar\u0131m ve Yenileme Projeleri (Anahtar Teslim)<\/a><\/h3>\r\n                                            <p>Mekan\u0131n\u0131za Ruh Kat\u0131n \u2013 Lezzet Kadar Tarz da \u00d6nemlidir. Bir restoran ya da kafe, yaln\u0131zca yemek yenen bir alan de\u011fil; m\u00fc\u015fterilerin keyifli vakit ge\u00e7irdi\u011fi, atmosferinden&hellip;<\/p>\n                                                <a href=\"https:\/\/www.karmazyapitasarim.com\/index.php\/architectural-design\/\" class=\"btn btn-primary\">Devam\u0131n\u0131 Oku<i class=\"fas fa-arrow-right\"><\/i><\/a>\r\n                                                                                    <\/div>\r\n                                    <\/div>\r\n                                <\/div>\r\n                                                            <div class=\"col-lg-4 col-md-4 col-sm-6 col-xs-12 feature-list\">\r\n                                    <div class=\"box\">\r\n                                        <figure>\r\n                                            <a href=\"https:\/\/www.karmazyapitasarim.com\/index.php\/sihhi-tesisat\/\"><img loading=\"lazy\" decoding=\"async\" width=\"350\" height=\"280\" src=\"https:\/\/www.karmazyapitasarim.com\/wp-content\/uploads\/2025\/08\/sihhi-tesisat-350x280.jpg\" class=\"attachment-construction-light-medium size-construction-light-medium wp-post-image\" alt=\"\" \/><\/a>\r\n                                        <\/figure>\r\n\r\n                                        <div class=\"bottom-content\">\r\n                                            <h3><a href=\"https:\/\/www.karmazyapitasarim.com\/index.php\/sihhi-tesisat\/\">S\u0131hhi Tesisat ve Is\u0131tma-So\u011futma \u0130\u015fleri<\/a><\/h3>\r\n                                            <p>Konfor Her Detayda Gizli \u2013 Etkin Is\u0131tma ve So\u011futma Sistemleri Konforlu bir ya\u015fam ve \u00e7al\u0131\u015fma alan\u0131 i\u00e7in s\u0131hhi tesisat ve iklimlendirme sistemlerinin do\u011fru \u015fekilde planlanmas\u0131&hellip;<\/p>\n                                                <a href=\"https:\/\/www.karmazyapitasarim.com\/index.php\/sihhi-tesisat\/\" class=\"btn btn-primary\">Devam\u0131n\u0131 Oku<i class=\"fas fa-arrow-right\"><\/i><\/a>\r\n                                                                                    <\/div>\r\n                                    <\/div>\r\n                                <\/div>\r\n                                                            <div class=\"col-lg-4 col-md-4 col-sm-6 col-xs-12 feature-list\">\r\n                                    <div class=\"box\">\r\n                                        <figure>\r\n                                            <a href=\"https:\/\/www.karmazyapitasarim.com\/index.php\/ses-izolasyonu\/\"><img loading=\"lazy\" decoding=\"async\" width=\"350\" height=\"280\" src=\"https:\/\/www.karmazyapitasarim.com\/wp-content\/uploads\/2025\/08\/ses-izolasyonu-350x280.webp\" class=\"attachment-construction-light-medium size-construction-light-medium wp-post-image\" alt=\"\" \/><\/a>\r\n                                        <\/figure>\r\n\r\n                                        <div class=\"bottom-content\">\r\n                                            <h3><a href=\"https:\/\/www.karmazyapitasarim.com\/index.php\/ses-izolasyonu\/\">Ses \u0130zolasyonu ve Akustik D\u00fczenlemeler<\/a><\/h3>\r\n                                            <p>Sessizlik Konforun Bir Par\u00e7as\u0131d\u0131r \u2013 Profesyonel Ses \u0130zolasyonu. Modern ya\u015fam alanlar\u0131nda ses kontrol\u00fc, hem konfor hem de sa\u011fl\u0131k a\u00e7\u0131s\u0131ndan b\u00fcy\u00fck \u00f6nem ta\u015f\u0131r. G\u00fcr\u00fclt\u00fc kirlili\u011fi; odaklanma&hellip;<\/p>\n                                                <a href=\"https:\/\/www.karmazyapitasarim.com\/index.php\/ses-izolasyonu\/\" class=\"btn btn-primary\">Devam\u0131n\u0131 Oku<i class=\"fas fa-arrow-right\"><\/i><\/a>\r\n                                                                                    <\/div>\r\n                                    <\/div>\r\n                                <\/div>\r\n                                                            <div class=\"col-lg-4 col-md-4 col-sm-6 col-xs-12 feature-list\">\r\n                                    <div class=\"box\">\r\n                                        <figure>\r\n                                            <a href=\"https:\/\/www.karmazyapitasarim.com\/index.php\/su-izolasyonu\/\"><img loading=\"lazy\" decoding=\"async\" width=\"350\" height=\"280\" src=\"https:\/\/www.karmazyapitasarim.com\/wp-content\/uploads\/2025\/08\/su-izolasyonu-350x280.jpg\" class=\"attachment-construction-light-medium size-construction-light-medium wp-post-image\" alt=\"\" \/><\/a>\r\n                                        <\/figure>\r\n\r\n                                        <div class=\"bottom-content\">\r\n                                            <h3><a href=\"https:\/\/www.karmazyapitasarim.com\/index.php\/su-izolasyonu\/\">Su \u0130zolasyonu ve S\u0131zd\u0131rmazl\u0131k \u00c7al\u0131\u015fmalar\u0131<\/a><\/h3>\r\n                                            <p>S\u0131z\u0131nt\u0131lara Son \u2013 Dayan\u0131kl\u0131 ve Kal\u0131c\u0131 Su Yal\u0131t\u0131m\u0131. Su s\u0131z\u0131nt\u0131lar\u0131 zamanla b\u00fcy\u00fck yap\u0131sal hasarlara yol a\u00e7abilir ve hem maddi kay\u0131plara hem de ya\u015fam kalitesinde d\u00fc\u015f\u00fc\u015fe&hellip;<\/p>\n                                                <a href=\"https:\/\/www.karmazyapitasarim.com\/index.php\/su-izolasyonu\/\" class=\"btn btn-primary\">Devam\u0131n\u0131 Oku<i class=\"fas fa-arrow-right\"><\/i><\/a>\r\n                                                                                    <\/div>\r\n                                    <\/div>\r\n                                <\/div>\r\n                                                            <div class=\"col-lg-4 col-md-4 col-sm-6 col-xs-12 feature-list\">\r\n                                    <div class=\"box\">\r\n                                        <figure>\r\n                                            <a href=\"https:\/\/www.karmazyapitasarim.com\/index.php\/isi-nem-ve-rutubet\/\"><img loading=\"lazy\" decoding=\"async\" width=\"350\" height=\"280\" src=\"https:\/\/www.karmazyapitasarim.com\/wp-content\/uploads\/2025\/08\/nem-ve-rutubet-yalitimi-350x280.png\" class=\"attachment-construction-light-medium size-construction-light-medium wp-post-image\" alt=\"\" \/><\/a>\r\n                                        <\/figure>\r\n\r\n                                        <div class=\"bottom-content\">\r\n                                            <h3><a href=\"https:\/\/www.karmazyapitasarim.com\/index.php\/isi-nem-ve-rutubet\/\">Is\u0131 Nem ve Rutubet \u00d6nleme Uygulamalar\u0131<\/a><\/h3>\r\n                                            <p>Sa\u011fl\u0131kl\u0131 Ya\u015fam Alanlar\u0131 \u0130\u00e7in \u2013 Is\u0131, Nem ve Rutubet Kontrol Alt\u0131nda. Binalarda olu\u015fan \u0131s\u0131 kay\u0131plar\u0131, nem dengesizlikleri ve rutubet sorunlar\u0131; hem konforu hem de yap\u0131sal&hellip;<\/p>\n                                                <a href=\"https:\/\/www.karmazyapitasarim.com\/index.php\/isi-nem-ve-rutubet\/\" class=\"btn btn-primary\">Devam\u0131n\u0131 Oku<i class=\"fas fa-arrow-right\"><\/i><\/a>\r\n                                                                                    <\/div>\r\n                                    <\/div>\r\n                                <\/div>\r\n                                                    <\/div>\r\n                    <\/div>\r\n                <\/section>\r\n            <\/div><\/div><\/div><\/div>","protected":false},"excerpt":{"rendered":"","protected":false},"author":1,"featured_media":200,"parent":0,"menu_order":0,"comment_status":"closed","ping_status":"closed","template":"","meta":{"footnotes":""},"class_list":["post-556","page","type-page","status-publish","has-post-thumbnail","hentry"],"_links":{"self":[{"href":"https:\/\/www.karmazyapitasarim.com\/index.php\/wp-json\/wp\/v2\/pages\/556","targetHints":{"allow":["GET"]}}],"collection":[{"href":"https:\/\/www.karmazyapitasarim.com\/index.php\/wp-json\/wp\/v2\/pages"}],"about":[{"href":"https:\/\/www.karmazyapitasarim.com\/index.php\/wp-json\/wp\/v2\/types\/page"}],"author":[{"embeddable":true,"href":"https:\/\/www.karmazyapitasarim.com\/index.php\/wp-json\/wp\/v2\/users\/1"}],"replies":[{"embeddable":true,"href":"https:\/\/www.karmazyapitasarim.com\/index.php\/wp-json\/wp\/v2\/comments?post=556"}],"version-history":[{"count":4,"href":"https:\/\/www.karmazyapitasarim.com\/index.php\/wp-json\/wp\/v2\/pages\/556\/revisions"}],"predecessor-version":[{"id":931,"href":"https:\/\/www.karmazyapitasarim.com\/index.php\/wp-json\/wp\/v2\/pages\/556\/revisions\/931"}],"wp:featuredmedia":[{"embeddable":true,"href":"https:\/\/www.karmazyapitasarim.com\/index.php\/wp-json\/wp\/v2\/media\/200"}],"wp:attachment":[{"href":"https:\/\/www.karmazyapitasarim.com\/index.php\/wp-json\/wp\/v2\/media?parent=556"}],"curies":[{"name":"wp","href":"https:\/\/api.w.org\/{rel}","templated":true}]}}